44151519?
3, 14717173
What are the prime factors of 988644948?
2, 3, 131, 628909
List the prime factors of 2869215526.
2, 53, 27068071
What are the prime factors of 427872914?
2, 7, 30562351
What are the prime factors of 239215226?
2, 23, 5200331
List the prime factors of 1710282990.
2, 3, 5, 13, 23, 190667
List the prime factors of 107643891.
3, 35881297
List the prime factors of 205932635.
5, 73, 433, 1303
What are the prime factors of 14997514?
2, 7, 383, 2797
List the prime factors of 2084380.
2, 5, 89, 1171
What are the prime factors of 2201042063?
11, 23, 8699771
List the prime factors of 174278795.
5, 34855759
List the prime factors of 334435893.
3, 11, 23, 41, 977
List the prime factors of 4406470171.
491, 8974481
List the prime factors of 6173538375.
3, 5, 16462769
List the prime factors of 122853018.
2, 3, 47, 435649
What are the prime factors of 143881376?
2, 19, 23, 10289
What are the prime factors of 102221744?
2, 6388859
List the prime factors of 310477176.
2, 3, 19, 73, 3109
List the prime factors of 650542199.
11657, 55807
What are the prime factors of 19141879?
1747, 10957
List the prime factors of 251069533.
11, 13, 53, 157, 211
What are the prime factors of 516448122?
2, 3, 59, 79, 313
What are the prime factors of 275863856?
2, 263, 65557
List the prime factors of 710406814.
2, 13, 769, 35531
List the prime factors of 3887743025.
5, 97, 1603193
What are the prime factors of 3803822?
2, 11, 37, 4673
What are the prime factors of 6015631782?
2, 3, 157, 6386021
What are the prime factors of 113527378?
2, 53, 971, 1103
List the prime factors of 1317888750.
2, 3, 5, 351437
What are the prime factors of 57050876?
2, 59, 103, 2347
List the prime factors of 168343037.
73, 1193, 1933
List the prime factors of 270557920.
2, 5, 251, 6737
What are the prime factors of 136431359?
136431359
What are the prime factors of 70329015?
3, 5, 1562867
List the prime factors of 31619792.
2, 43, 45959
List the prime factors of 7612703279.
67, 113622437
What are the prime factors of 695601358?
2, 347800679
What are the prime factors of 4077208644?
2, 3, 79, 4300853
What are the prime factors of 417132721?
417132721
What are the prime factors of 421544271?
3, 140514757
What are the prime factors of 23312740?
2, 5, 11, 105967
List the prime factors of 26248260.
2, 3, 5, 437471
List the prime factors of 189989384.
2, 13, 23, 79427
What are the prime factors of 3816946?
2, 7, 59, 4621
List the prime factors of 1533991799.
59, 601, 43261
List the prime factors of 474194426.
2, 4691, 50543
List the prime factors of 1073364493.
1073364493
What are the prime factors of 658334776?
2, 11, 1741, 4297
What are the prime factors of 206283373?
1259, 163847
List the prime factors of 40927137.
3, 661, 20639
What are the prime factors of 117128560?
2, 5, 43, 79, 431
What are the prime factors of 378922947?
3, 13, 19, 79, 6473
List the prime factors of 3590208496.
2, 7, 32055433
List the prime factors of 1287492407.
1129, 1140383
What are the prime factors of 98454105?
3, 5, 19, 115151
List the prime factors of 15846929.
7, 2263847
List the prime factors of 1403528508.
2, 3, 38986903
List the prime factors of 1552941023.
37, 41971379
List the prime factors of 972989715.
3, 5, 19, 31, 110129
List the prime factors of 155048857.
17, 9120521
List the prime factors of 925627825.
5, 1753, 21121
What are the prime factors of 794606140?
2, 5, 601, 66107
What are the prime factors of 87389901?
3, 41, 89, 887
What are the prime factors of 39853242?
2, 3, 11, 13, 397
What are the prime factors of 11802089?
13, 613, 1481
What are the prime factors of 1537850559?
3, 7, 73230979
What are the prime factors of 188657180?
2, 5, 29, 325271
List the prime factors of 70552491.
3, 19, 1237763
What are the prime factors of 2135665344?
2, 3, 643, 17299
List the prime factors of 890898805.
5, 659, 270379
What are the prime factors of 676002489?
3, 2089, 107867
List the prime factors of 3370941570.
2, 3, 5, 43, 2613133
What are the prime factors of 141575734?
2, 2347, 30161
What are the prime factors of 92007073?
2647, 34759
List the prime factors of 1873687236.
2, 3, 131, 547, 2179
List the prime factors of 695969632.
2, 21749051
List the prime factors of 234625783.
7, 23, 63361
List the prime factors of 35426650.
2, 5, 7, 127, 797
What are the prime factors of 580176238?
2, 17, 3373, 5059
List the prime factors of 642532879.
809, 794231
What are the prime factors of 42223428?
2, 3, 13, 83, 1087
List the prime factors of 25043373.
3, 2782597
List the prime factors of 7494785944.
2, 151, 1153, 5381
What are the prime factors of 2234586691?
2234586691
List the prime factors of 442372269.
3, 19, 443, 17519
What are the prime factors of 24625859?
24625859
What are the prime factors of 1312756500?
2, 3, 5, 11, 79561
List the prime factors of 5792609250.
2, 3, 5, 2574493
What are the prime factors of 171423241?
11, 43, 47, 701
List the prime factors of 919112149.
31, 79, 263, 1427
What are the prime factors of 16493505?
3, 5, 7, 157081
List the prime factors of 100975088.
2, 6310943
List the prime factors of 722722226.
2, 167, 191, 11329
What are the prime factors of 688480419?
3, 11, 283, 73721
What are the prime factors of 28096742?
2, 14048371
List the prime factors of 16739540.
2, 5, 37, 22621
What are the prime factors of 6872204967?
3, 17, 134749117
What are the prime factors of 12256779?
3, 17, 67, 211
What are the prime factors of 2366708691?
3, 43, 73, 251323
What are the prime factors of 106938761?
106938761
What are the prime factors of 11435769?
3, 423547
What are the prime factors of 163452791?
37, 1607, 2749
What are the prime factors of 795465609?
3, 19, 83, 277, 607
What are the prime factors of 64889234?
2, 47, 83, 8317
List the prime factors of 1199411059.
7, 11, 59, 264013
What are the prime factors of 70886757?
3, 23628919
What are the prime factors of 598562923?
7, 85508989
List the prime factors of 664398931.
7, 94914133
What are the prime factors of 582594807?
3, 23, 1117, 7559
What are the prime factors of 15347869?
3547, 4327
List the prime factors of 2257295139.
3, 11, 17, 41, 32713
List the prime factors of 3283940.
2, 5, 11, 23, 59
What are the prime factors of 103734704?
2, 6483419
List the prime factors of 99276725.
5, 31, 128099
What are the prime factors of 5634957182?
2, 47, 59946353
List the prime factors of 77450170.
2, 5, 7, 241, 4591
List the prime factors of 65741551.
1447, 45433
List the prime factors of 458637898.
2, 467, 569, 863
List the prime factors of 248306575.
5, 11, 902933
List the prime factors of 1276620082.
2, 3121, 204521
List the prime factors of 2339296249.
101, 811, 28559
List the prime factors of 761185366.
2, 6029, 63127
List the prime factors of 711476919.
3, 107, 246271
What are the prime factors of 1101238386?
2, 3, 191, 960941
List the prime factors of 3025123273.
1567, 1930519
What are the prime factors of 1150430769?
3, 167, 28349
What are the prime factors of 356859407?
1319, 270553
What are the prime factors of 125939357?
125939357
What are the prime factors of 288363604?
2, 23, 3134387
What are the prime factors of 1965806190?
2, 3, 5, 89, 245419
List the prime factors of 886914252.
2, 3, 7, 47, 109, 229
List the prime factors of 3225481465.
5, 6043, 106751
List the prime factors of 7983347.
127, 62861
List the prime factors of 57917065.
5, 131, 88423
List the prime factors of 487606915.
5, 97521383
What are the prime factors of 1050005645?
5, 13, 19, 850207
List the prime factors of 272396616.
2, 3, 19, 597361
List the prime factors of 381363647.
7, 54480521
List the prime factors of 295132459.
10069, 29311
What are the prime factors of 738512560?
2, 5, 139, 66413
What are the prime factors of 1662808066?
2, 19, 43758107
List the prime factors of 6285938323.
7, 897991189
List the prime factors of 898706556.
2, 3, 11, 277, 2731
List the prime factors of 1654767.
3, 19, 9677
What are the prime factors of 24812568?
2, 3, 11, 59
What are the prime factors of 258386851?
6661, 38791
What are the prime factors of 1418898092?
2, 354724523
List the prime factors of 33947641.
7, 13, 137, 389
What are the prime factors of 36785333?
13, 2829641
List the prime factors of 93950931.
3, 31316977
List the prime factors of 982837681.
7, 19, 